{"id":132,"date":"2023-02-21T11:57:36","date_gmt":"2023-02-21T11:57:36","guid":{"rendered":"https:\/\/www.agathevidal.fr\/?page_id=132"},"modified":"2026-08-09T13:03:56","modified_gmt":"2026-08-09T13:03:56","slug":"home","status":"publish","type":"page","link":"https:\/\/www.agathevidal.fr\/","title":{"rendered":"Observer. Relier. Transmettre."},"content":{"rendered":"\n<figure class=\"wp-block-image size-large\"><img loading=\"lazy\" decoding=\"async\" width=\"1024\" height=\"768\" src=\"https:\/\/www.agathevidal.fr\/wp-content\/uploads\/2023\/12\/map-1024x768.jpg\" alt=\"\" class=\"wp-image-188\" srcset=\"https:\/\/www.agathevidal.fr\/wp-content\/uploads\/2023\/12\/map-1024x768.jpg 1024w, https:\/\/www.agathevidal.fr\/wp-content\/uploads\/2023\/12\/map-300x225.jpg 300w, https:\/\/www.agathevidal.fr\/wp-content\/uploads\/2023\/12\/map-768x576.jpg 768w, https:\/\/www.agathevidal.fr\/wp-content\/uploads\/2023\/12\/map-1536x1152.jpg 1536w, https:\/\/www.agathevidal.fr\/wp-content\/uploads\/2023\/12\/map-1200x900.jpg 1200w, https:\/\/www.agathevidal.fr\/wp-content\/uploads\/2023\/12\/map-1980x1485.jpg 1980w, https:\/\/www.agathevidal.fr\/wp-content\/uploads\/2023\/12\/map.jpg 2048w\" sizes=\"auto, (max-width: 1024px) 100vw, 1024px\" \/><\/figure>\n\n\n\n<p class=\"wp-block-paragraph\"><b style=\"font-family: &quot;Helvetica Neue&quot;; font-size: 13px;\">&nbsp;<\/b><\/p>\n\n\n\n<h2 class=\"wp-block-heading\"><b style=\"font-family: &quot;Helvetica Neue&quot;; font-size: 13px;\">&nbsp;<\/b><strong>Comprendre les transformations humaines.&nbsp;<\/strong><\/h2>\n\n\n\n<p class=\"wp-block-paragraph\">Cr\u00e9er des espaces de r\u00e9flexion. Faire \u00e9merger de nouveaux r\u00e9cits.<\/p>\n\n\n\n<p class=\"wp-block-paragraph\">Nous vivons une \u00e9poque de profondes mutations.Transformations des modes de vie, du travail et des relations humaines.<\/p>\n\n\n\n<p class=\"wp-block-paragraph\">Notre rapport au monde et \u00e0 l&rsquo;accueil des autres et des id\u00e9es en est transform\u00e9.<\/p>\n\n\n\n<p class=\"wp-block-paragraph\">Dans ces moments de passage, il devient essentiel de prendre le temps d\u2019observer, de comprendre et de transmettre ce qui donne du sens.<\/p>\n\n\n\n<p class=\"wp-block-paragraph\">J\u2019explore ces transformations \u00e0 travers la philosophie, les r\u00e9cits humains, l\u2019\u00e9criture et la rencontre.<\/p>\n\n\n\n<p class=\"wp-block-paragraph\"><a href=\"https:\/\/www.agathevidal.fr\/?page_id=371\">Construire une collaboration<\/a><\/p>\n\n\n\n<p class=\"wp-block-paragraph\"><a href=\"https:\/\/www.agathevidal.fr\/?page_id=8\">D\u00e9couvrir mon approche<\/a><\/p>\n\n\n\n<figure class=\"wp-block-image size-large\"><img loading=\"lazy\" decoding=\"async\" width=\"662\" height=\"1024\" src=\"https:\/\/www.agathevidal.fr\/wp-content\/uploads\/2024\/10\/IMG_9594-662x1024.jpeg\" alt=\"habiter le monde\" class=\"wp-image-239\" srcset=\"https:\/\/www.agathevidal.fr\/wp-content\/uploads\/2024\/10\/IMG_9594-662x1024.jpeg 662w, https:\/\/www.agathevidal.fr\/wp-content\/uploads\/2024\/10\/IMG_9594-194x300.jpeg 194w, https:\/\/www.agathevidal.fr\/wp-content\/uploads\/2024\/10\/IMG_9594.jpeg 743w\" sizes=\"auto, (max-width: 662px) 100vw, 662px\" \/><\/figure>\n\n\n\n<p class=\"wp-block-paragraph\"><strong><strong>Habiter le monde autrement<\/strong><\/strong><\/p>\n\n\n\n<p class=\"wp-block-paragraph\">Chaque \u00e9poque porte ses questions.<\/p>\n\n\n\n<p class=\"wp-block-paragraph\">Comment retrouver du sens et un accueil dans un monde en mouvement ?<\/p>\n\n\n\n<p class=\"wp-block-paragraph\">Comment accompagner les transitions individuelles et collectives ?<\/p>\n\n\n\n<p class=\"wp-block-paragraph\">Comment pr\u00e9server et transmettre ce qui poss\u00e8de une v\u00e9ritable valeur humaine ?<\/p>\n\n\n\n<p class=\"wp-block-paragraph\">Mon travail consiste \u00e0 cr\u00e9er des espaces o\u00f9 les exp\u00e9riences deviennent des sources de compr\u00e9hension, de transformation et de transmission.<\/p>\n\n\n\n<p class=\"wp-block-paragraph\">Face \u00e0 ces transformations, il ne suffit pas de s\u2019adapter. <strong>Il faut aussi comprendre, questionner et donner du sens.<\/strong><\/p>\n\n\n\n<p class=\"wp-block-paragraph\"><a href=\"https:\/\/www.agathevidal.fr\/?page_id=177\" title=\"\">Lire Manifeste<\/a> <a href=\"https:\/\/www.agathevidal.fr\/?page_id=443\" title=\"\">D\u00e9couvrir les recherches<\/a> <a href=\"https:\/\/www.agathevidal.fr\/?page_id=170\" title=\"\">Qui suis je<\/a><\/p>\n\n\n\n<figure class=\"wp-block-image size-full\"><img loading=\"lazy\" decoding=\"async\" width=\"398\" height=\"264\" src=\"https:\/\/www.agathevidal.fr\/wp-content\/uploads\/2022\/09\/philosophie.jpg\" alt=\"Observer. Relier. Transmettre.\" class=\"wp-image-85\" srcset=\"https:\/\/www.agathevidal.fr\/wp-content\/uploads\/2022\/09\/philosophie.jpg 398w, https:\/\/www.agathevidal.fr\/wp-content\/uploads\/2022\/09\/philosophie-300x199.jpg 300w\" sizes=\"auto, (max-width: 398px) 100vw, 398px\" \/><\/figure>\n\n\n\n<p class=\"wp-block-paragraph\">\u2e3b<\/p>\n\n\n\n<p class=\"wp-block-paragraph\"><strong>Observer. Relier. Transmettre.<\/strong><\/p>\n\n\n\n<p class=\"wp-block-paragraph\"><strong>Observer<\/strong><\/p>\n\n\n\n<p class=\"wp-block-paragraph\">Explorer le r\u00e9el \u00e0 travers des rencontres, des enqu\u00eates et des r\u00e9cits pour mieux comprendre l\u2019accueil des transformations de notre \u00e9poque.<\/p>\n\n\n\n<p class=\"wp-block-paragraph\">Pour mieux comprendre les mutations de notre \u00e9poque, il faut s&rsquo;appuyer sur ces exp\u00e9riences.<\/p>\n\n\n\n<p class=\"wp-block-paragraph\"><strong>Relier<\/strong><\/p>\n\n\n\n<p class=\"wp-block-paragraph\">Cr\u00e9er des espaces de dialogue entre les personnes, les g\u00e9n\u00e9rations, les disciplines et les territoires.<\/p>\n\n\n\n<p class=\"wp-block-paragraph\"><strong>Transmettre<\/strong><\/p>\n\n\n\n<p class=\"wp-block-paragraph\">Mettre en forme les exp\u00e9riences humaines pour qu\u2019elles puissent \u00e9clairer le pr\u00e9sent et nourrir l\u2019avenir.<\/p>\n\n\n\n<p class=\"wp-block-paragraph\">\u2e3b<\/p>\n\n\n\n<p class=\"wp-block-paragraph\"><strong>Trois chemins pour collaborer<\/strong><\/p>\n\n\n\n<p class=\"wp-block-paragraph\"><strong>Accompagner les transformations<\/strong><\/p>\n\n\n\n<p class=\"wp-block-paragraph\">Pour celles et ceux qui traversent une p\u00e9riode de changement, de questionnement ou de r\u00e9orientation. Un accompagnement fond\u00e9 sur la philosophie pratique, l\u2019\u00e9coute et la mise en perspective.<\/p>\n\n\n\n<p class=\"wp-block-paragraph\"><a href=\"https:\/\/www.agathevidal.fr\/?page_id=8\" title=\"\">\u2192 D\u00e9couvrir les accompagnements<\/a><\/p>\n\n\n\n<p class=\"wp-block-paragraph\">\u2e3b<\/p>\n\n\n\n<p class=\"wp-block-paragraph\"><strong>Explorer les enjeux humains de notre \u00e9poque<\/strong><\/p>\n\n\n\n<p class=\"wp-block-paragraph\">Explorer les enjeux humains de notre \u00e9poque<\/p>\n\n\n\n<p class=\"wp-block-paragraph\">Pour les organisations, institutions, m\u00e9dias et lieux qui souhaitent d\u00e9velopper des projets autour des transformations humaines. Enqu\u00eates, entretiens, ateliers, conf\u00e9rences, r\u00e9sidences et projets \u00e9ditoriaux.<\/p>\n\n\n\n<p class=\"wp-block-paragraph\">\u2192<a href=\"http:\/\/contact\" target=\"_blank\" rel=\"noopener\" title=\"\"> <\/a><a href=\"https:\/\/www.agathevidal.fr\/?page_id=389\" target=\"_blank\" rel=\"noopener\" title=\"\">Construire un projet<\/a><\/p>\n\n\n\n<p class=\"wp-block-paragraph\">\u2e3b<\/p>\n\n\n\n<p class=\"wp-block-paragraph\"><strong>R\u00e9v\u00e9ler les h\u00e9ritages vivants<\/strong><\/p>\n\n\n\n<p class=\"wp-block-paragraph\">Chaque personne, chaque famille, chaque organisation porte une histoire, des savoir-faire et des exp\u00e9riences qui m\u00e9ritent d\u2019\u00eatre recueillis et transmis. Une d\u00e9marche de r\u00e9cit, de m\u00e9moire et de transmission.<\/p>\n\n\n\n<p class=\"wp-block-paragraph\">\u2192 D\u00e9couvri<a href=\"https:\/\/www.leblogdagathe.fr\" title=\"\" target=\"_blank\" rel=\"noopener\">r le Blog d&rsquo;Agathe<\/a> pr\u00e9curseur de la cr\u00e9ation des <a href=\"https:\/\/docs.google.com\/forms\/d\/e\/1FAIpQLSfN7KjfzxVbtw9g0HpsdVJo9NhGEOAk9M9JYfdRh-Mhca35NQ\/viewform?usp=header\" title=\"\" target=\"_blank\" rel=\"noopener\">H\u00e9ritages Vivants<\/a><\/p>\n\n\n\n<p class=\"wp-block-paragraph\"><strong>Les Carnets du R\u00e9el<\/strong><\/p>\n\n\n\n<p class=\"wp-block-paragraph\"><strong>Rencontres, r\u00e9cits et r\u00e9flexions pour comprendre notre \u00e9poque<\/strong><\/p>\n\n\n\n<p class=\"wp-block-paragraph\">\u00c0 travers des portraits, des entretiens et des textes, les Carnets du R\u00e9el explorent les exp\u00e9riences humaines qui r\u00e9v\u00e8lent les grandes questions de notre temps.<\/p>\n\n\n\n<p class=\"wp-block-paragraph\"><a href=\"https:\/\/www.agathevidal.fr\/?page_id=2\" title=\"\">\u2192 Explorer les Carnets du R\u00e9el<\/a><\/p>\n\n\n\n<figure class=\"wp-block-image size-full is-resized\"><img loading=\"lazy\" decoding=\"async\" width=\"388\" height=\"130\" src=\"https:\/\/www.agathevidal.fr\/wp-content\/uploads\/2023\/12\/velo.jpg\" alt=\"\" class=\"wp-image-197\" style=\"width:610px;height:auto\" srcset=\"https:\/\/www.agathevidal.fr\/wp-content\/uploads\/2023\/12\/velo.jpg 388w, https:\/\/www.agathevidal.fr\/wp-content\/uploads\/2023\/12\/velo-300x101.jpg 300w\" sizes=\"auto, (max-width: 388px) 100vw, 388px\" \/><\/figure>\n\n\n\n<p class=\"wp-block-paragraph\">AGATHE VIDAL<br>Philosophe \u00b7 chercheuse \u00b7 autrice<\/p>\n\n\n\n<p class=\"wp-block-paragraph\">Penser les transformations.<br>\u00c9couter le r\u00e9el.<br>Relier les exp\u00e9riences.<br>Cr\u00e9er des possibilit\u00e9s d&rsquo;action.<\/p>\n\n\n\n<p class=\"wp-block-paragraph\"><a href=\"https:\/\/www.instagram.com\/agathe.vidal\/\" title=\"\" target=\"_blank\" rel=\"noopener\">Instagram<\/a> \u00b7 <a href=\"https:\/\/www.linkedin.com\/in\/agathe-vidal\/\" title=\"\" target=\"_blank\" rel=\"noopener\">LinkedIn<\/a> \u00b7 <a href=\"https:\/\/www.amazon.fr\/Se-manquer-d\u00e9sir-lAutre-comme\/dp\/1728949580?ref_=ast_author_dp&amp;th=1&amp;psc=1\" title=\"\" target=\"_blank\" rel=\"noopener\">Amazon<\/a> <a href=\"https:\/\/radioecclesia.com\/fr\/podcasts\/17\/\" title=\"\" target=\"_blank\" rel=\"noopener\">Podcast<\/a> \u00b7 <a href=\"https:\/\/www.agathevidal.fr\/?page_id=389\" target=\"_blank\" rel=\"noopener\" title=\"Contact\">Contact<\/a><\/p>\n","protected":false},"excerpt":{"rendered":"<p>&nbsp; &nbsp;Comprendre les transformations humaines.&nbsp; Cr\u00e9er des espaces de r\u00e9flexion. Faire \u00e9merger de nouveaux r\u00e9cits. Nous vivons une \u00e9poque de profondes mutations.Transformations des modes de vie, du travail et des relations humaines. Notre rapport au monde et \u00e0 l&rsquo;accueil des autres et des id\u00e9es en est transform\u00e9. Dans ces moments de passage, il devient essentiel [&hellip;]<\/p>\n","protected":false},"author":1,"featured_media":0,"parent":177,"menu_order":1,"comment_status":"closed","ping_status":"closed","template":"","meta":{"_acf_changed":false,"om_disable_all_campaigns":false,"_monsterinsights_skip_tracking":false,"footnotes":""},"class_list":["post-132","page","type-page","status-publish","hentry"],"acf":[],"_links":{"self":[{"href":"https:\/\/www.agathevidal.fr\/index.php?rest_route=\/wp\/v2\/pages\/132","targetHints":{"allow":["GET"]}}],"collection":[{"href":"https:\/\/www.agathevidal.fr\/index.php?rest_route=\/wp\/v2\/pages"}],"about":[{"href":"https:\/\/www.agathevidal.fr\/index.php?rest_route=\/wp\/v2\/types\/page"}],"author":[{"embeddable":true,"href":"https:\/\/www.agathevidal.fr\/index.php?rest_route=\/wp\/v2\/users\/1"}],"replies":[{"embeddable":true,"href":"https:\/\/www.agathevidal.fr\/index.php?rest_route=%2Fwp%2Fv2%2Fcomments&post=132"}],"version-history":[{"count":32,"href":"https:\/\/www.agathevidal.fr\/index.php?rest_route=\/wp\/v2\/pages\/132\/revisions"}],"predecessor-version":[{"id":507,"href":"https:\/\/www.agathevidal.fr\/index.php?rest_route=\/wp\/v2\/pages\/132\/revisions\/507"}],"up":[{"embeddable":true,"href":"https:\/\/www.agathevidal.fr\/index.php?rest_route=\/wp\/v2\/pages\/177"}],"wp:attachment":[{"href":"https:\/\/www.agathevidal.fr\/index.php?rest_route=%2Fwp%2Fv2%2Fmedia&parent=132"}],"curies":[{"name":"wp","href":"https:\/\/api.w.org\/{rel}","templated":true}]}}

<figure class="wp-block-image size-large"><img loading="lazy" decoding="async" width="1024" height="768" src="https://www.agathevidal.fr/wp-content/uploads/2023/12/map-1024x768.jpg" alt="" class="wp-image-188" srcset="https://www.agathevidal.fr/wp-content/uploads/2023/12/map-1024x768.jpg 1024w, https://www.agathevidal.fr/wp-content/uploads/2023/12/map-300x225.jpg 300w, https://www.agathevidal.fr/wp-content/uploads/2023/12/map-768x576.jpg 768w, https://www.agathevidal.fr/wp-content/uploads/2023/12/map-1536x1152.jpg 1536w, https://www.agathevidal.fr/wp-content/uploads/2023/12/map-1200x900.jpg 1200w, https://www.agathevidal.fr/wp-content/uploads/2023/12/map-1980x1485.jpg 1980w, https://www.agathevidal.fr/wp-content/uploads/2023/12/map.jpg 2048w" sizes="auto, (max-width: 1024px) 100vw, 1024px" /></figure>



<p class="wp-block-paragraph"><b style="font-family: &quot;Helvetica Neue&quot;; font-size: 13px;">&nbsp;</b></p>



<h2 class="wp-block-heading"><b style="font-family: &quot;Helvetica Neue&quot;; font-size: 13px;">&nbsp;</b><strong>Comprendre les transformations humaines.&nbsp;</strong></h2>



<p class="wp-block-paragraph">Créer des espaces de réflexion. Faire émerger de nouveaux récits.</p>



<p class="wp-block-paragraph">Nous vivons une époque de profondes mutations.Transformations des modes de vie, du travail et des relations humaines.</p>



<p class="wp-block-paragraph">Notre rapport au monde et à l&rsquo;accueil des autres et des idées en est transformé.</p>



<p class="wp-block-paragraph">Dans ces moments de passage, il devient essentiel de prendre le temps d’observer, de comprendre et de transmettre ce qui donne du sens.</p>



<p class="wp-block-paragraph">J’explore ces transformations à travers la philosophie, les récits humains, l’écriture et la rencontre.</p>



<p class="wp-block-paragraph"><a href="https://www.agathevidal.fr/?page_id=371">Construire une collaboration</a></p>



<p class="wp-block-paragraph"><a href="https://www.agathevidal.fr/?page_id=8">Découvrir mon approche</a></p>



<figure class="wp-block-image size-large"><img loading="lazy" decoding="async" width="662" height="1024" src="https://www.agathevidal.fr/wp-content/uploads/2024/10/IMG_9594-662x1024.jpeg" alt="habiter le monde" class="wp-image-239" srcset="https://www.agathevidal.fr/wp-content/uploads/2024/10/IMG_9594-662x1024.jpeg 662w, https://www.agathevidal.fr/wp-content/uploads/2024/10/IMG_9594-194x300.jpeg 194w, https://www.agathevidal.fr/wp-content/uploads/2024/10/IMG_9594.jpeg 743w" sizes="auto, (max-width: 662px) 100vw, 662px" /></figure>



<p class="wp-block-paragraph"><strong><strong>Habiter le monde autrement</strong></strong></p>



<p class="wp-block-paragraph">Chaque époque porte ses questions.</p>



<p class="wp-block-paragraph">Comment retrouver du sens et un accueil dans un monde en mouvement ?</p>



<p class="wp-block-paragraph">Comment accompagner les transitions individuelles et collectives ?</p>



<p class="wp-block-paragraph">Comment préserver et transmettre ce qui possède une véritable valeur humaine ?</p>



<p class="wp-block-paragraph">Mon travail consiste à créer des espaces où les expériences deviennent des sources de compréhension, de transformation et de transmission.</p>



<p class="wp-block-paragraph">Face à ces transformations, il ne suffit pas de s’adapter. <strong>Il faut aussi comprendre, questionner et donner du sens.</strong></p>



<p class="wp-block-paragraph"><a href="https://www.agathevidal.fr/?page_id=177" title="">Lire Manifeste</a> <a href="https://www.agathevidal.fr/?page_id=443" title="">Découvrir les recherches</a> <a href="https://www.agathevidal.fr/?page_id=170" title="">Qui suis je</a></p>



<figure class="wp-block-image size-full"><img loading="lazy" decoding="async" width="398" height="264" src="https://www.agathevidal.fr/wp-content/uploads/2022/09/philosophie.jpg" alt="Observer. Relier. Transmettre." class="wp-image-85" srcset="https://www.agathevidal.fr/wp-content/uploads/2022/09/philosophie.jpg 398w, https://www.agathevidal.fr/wp-content/uploads/2022/09/philosophie-300x199.jpg 300w" sizes="auto, (max-width: 398px) 100vw, 398px" /></figure>



<p class="wp-block-paragraph">⸻</p>



<p class="wp-block-paragraph"><strong>Observer. Relier. Transmettre.</strong></p>



<p class="wp-block-paragraph"><strong>Observer</strong></p>



<p class="wp-block-paragraph">Explorer le réel à travers des rencontres, des enquêtes et des récits pour mieux comprendre l’accueil des transformations de notre époque.</p>



<p class="wp-block-paragraph">Pour mieux comprendre les mutations de notre époque, il faut s&rsquo;appuyer sur ces expériences.</p>



<p class="wp-block-paragraph"><strong>Relier</strong></p>



<p class="wp-block-paragraph">Créer des espaces de dialogue entre les personnes, les générations, les disciplines et les territoires.</p>



<p class="wp-block-paragraph"><strong>Transmettre</strong></p>



<p class="wp-block-paragraph">Mettre en forme les expériences humaines pour qu’elles puissent éclairer le présent et nourrir l’avenir.</p>



<p class="wp-block-paragraph">⸻</p>



<p class="wp-block-paragraph"><strong>Trois chemins pour collaborer</strong></p>



<p class="wp-block-paragraph"><strong>Accompagner les transformations</strong></p>



<p class="wp-block-paragraph">Pour celles et ceux qui traversent une période de changement, de questionnement ou de réorientation. Un accompagnement fondé sur la philosophie pratique, l’écoute et la mise en perspective.</p>



<p class="wp-block-paragraph"><a href="https://www.agathevidal.fr/?page_id=8" title="">→ Découvrir les accompagnements</a></p>



<p class="wp-block-paragraph">⸻</p>



<p class="wp-block-paragraph"><strong>Explorer les enjeux humains de notre époque</strong></p>



<p class="wp-block-paragraph">Explorer les enjeux humains de notre époque</p>



<p class="wp-block-paragraph">Pour les organisations, institutions, médias et lieux qui souhaitent développer des projets autour des transformations humaines. Enquêtes, entretiens, ateliers, conférences, résidences et projets éditoriaux.</p>



<p class="wp-block-paragraph">→<a href="http://contact" target="_blank" rel="noopener" title=""> </a><a href="https://www.agathevidal.fr/?page_id=389" target="_blank" rel="noopener" title="">Construire un projet</a></p>



<p class="wp-block-paragraph">⸻</p>



<p class="wp-block-paragraph"><strong>Révéler les héritages vivants</strong></p>



<p class="wp-block-paragraph">Chaque personne, chaque famille, chaque organisation porte une histoire, des savoir-faire et des expériences qui méritent d’être recueillis et transmis. Une démarche de récit, de mémoire et de transmission.</p>



<p class="wp-block-paragraph">→ Découvri<a href="https://www.leblogdagathe.fr" title="" target="_blank" rel="noopener">r le Blog d&rsquo;Agathe</a> précurseur de la création des <a href="https://docs.google.com/forms/d/e/1FAIpQLSfN7KjfzxVbtw9g0HpsdVJo9NhGEOAk9M9JYfdRh-Mhca35NQ/viewform?usp=header" title="" target="_blank" rel="noopener">Héritages Vivants</a></p>



<p class="wp-block-paragraph"><strong>Les Carnets du Réel</strong></p>



<p class="wp-block-paragraph"><strong>Rencontres, récits et réflexions pour comprendre notre époque</strong></p>



<p class="wp-block-paragraph">À travers des portraits, des entretiens et des textes, les Carnets du Réel explorent les expériences humaines qui révèlent les grandes questions de notre temps.</p>



<p class="wp-block-paragraph"><a href="https://www.agathevidal.fr/?page_id=2" title="">→ Explorer les Carnets du Réel</a></p>



<figure class="wp-block-image size-full is-resized"><img loading="lazy" decoding="async" width="388" height="130" src="https://www.agathevidal.fr/wp-content/uploads/2023/12/velo.jpg" alt="" class="wp-image-197" style="width:610px;height:auto" srcset="https://www.agathevidal.fr/wp-content/uploads/2023/12/velo.jpg 388w, https://www.agathevidal.fr/wp-content/uploads/2023/12/velo-300x101.jpg 300w" sizes="auto, (max-width: 388px) 100vw, 388px" /></figure>



<p class="wp-block-paragraph">AGATHE VIDAL<br>Philosophe · chercheuse · autrice</p>



<p class="wp-block-paragraph">Penser les transformations.<br>Écouter le réel.<br>Relier les expériences.<br>Créer des possibilités d&rsquo;action.</p>



<p class="wp-block-paragraph"><a href="https://www.instagram.com/agathe.vidal/" title="" target="_blank" rel="noopener">Instagram</a> · <a href="https://www.linkedin.com/in/agathe-vidal/" title="" target="_blank" rel="noopener">LinkedIn</a> · <a href="https://www.amazon.fr/Se-manquer-désir-lAutre-comme/dp/1728949580?ref_=ast_author_dp&amp;th=1&amp;psc=1" title="" target="_blank" rel="noopener">Amazon</a> <a href="https://radioecclesia.com/fr/podcasts/17/" title="" target="_blank" rel="noopener">Podcast</a> · <a href="https://www.agathevidal.fr/?page_id=389" target="_blank" rel="noopener" title="Contact">Contact</a></p>

<p>&nbsp; &nbsp;Comprendre les transformations humaines.&nbsp; Créer des espaces de réflexion. Faire émerger de nouveaux récits. Nous vivons une époque de profondes mutations.Transformations des modes de vie, du travail et des relations humaines. Notre rapport au monde et à l&rsquo;accueil des autres et des idées en est transformé. Dans ces moments de passage, il devient essentiel [&hellip;]</p>
